{"id":21198,"date":"2022-06-27T19:28:05","date_gmt":"2022-06-27T17:28:05","guid":{"rendered":"https:\/\/inmotion-suisse.ch\/produit\/chambre-a-air-l8-pour-roue-noir\/"},"modified":"2026-09-04T20:48:28","modified_gmt":"2026-09-04T18:48:28","slug":"schlauch-l8-l8f-fur-schwarzes-rad","status":"publish","type":"product","link":"https:\/\/inmotion-suisse.ch\/de\/produkt\/schlauch-l8-l8f-fur-schwarzes-rad\/","title":{"rendered":"Schlauch L8-L8F f\u00fcr schwarzes Rad"},"content":{"rendered":"<h2>Schlauch L8-L8F f\u00fcr schwarzes Rad: Kompatibilit\u00e4t und Einbau<\/h2>\n<p>Schlauch L8-L8F f\u00fcr schwarzes Rad ist ein Ersatzteil bzw. Zubeh\u00f6r f\u00fcr die im Produkttitel genannten Modelle. Pr\u00fcfen Sie vor der Bestellung die genaue Fahrzeugversion und vergleichen Sie das Teil mit dem Original.<\/p>\n<h3>Vor der Montage pr\u00fcfen<\/h3>\n<p>Vergleichen Sie Schlauchgr\u00f6\u00dfe, Ventil und die passende Reifen-\/Felgenkombination. Bei der Montage darf der Schlauch nicht zwischen Reifen und Felge eingeklemmt werden.<\/p>\n<h3>Service in der Schweiz<\/h3>\n<p>Inmotion Suisse bietet in der Werkstatt in Bern Diagnose, Reparatur und je nach Bauteil auch den fachgerechten Einbau an. Senden Sie uns bei Unsicherheit Modell, Seriennummer und Fotos des Originalteils bzw. der Steckverbinder.<\/p>\n<h3>H\u00e4ufige Fragen<\/h3>\n<p><strong>Wie pr\u00fcfe ich die Kompatibilit\u00e4t?<\/strong><br \/>Vergleichen Sie das exakte Modell, die Ausf\u00fchrung und die technischen Merkmale mit dem Originalteil.<\/p>\n<p><strong>Ist eine Montage in Bern m\u00f6glich?<\/strong><br \/>Ja, je nach Fahrzeug und Bauteil k\u00f6nnen wir Diagnose und Montage in unserer Werkstatt \u00fcbernehmen.<\/p>\n","protected":false},"excerpt":{"rendered":"<p>Schlauch L8-L8F f\u00fcr schwarzes Rad \u2013 Ersatzteil oder Zubeh\u00f6r f\u00fcr die angegebenen Modelle. Kompatibilit\u00e4t vor der Bestellung pr\u00fcfen.<\/p>\n","protected":false},"featured_media":17553,"comment_status":"open","ping_status":"closed","template":"","meta":[],"product_brand":[],"product_cat":[1050,1044],"product_tag":[1094,1093],"class_list":["post-21198","product","type-product","status-publish","has-post-thumbnail","product_cat-e-scooter-teile-zuverlaessig-robust-und-passgenau-fuer-ihren-scooter","product_cat-ersatzteile-zuverlaessige-komponenten-fuer-jede-reparatur","product_tag-inmotion-v11y-de","product_tag-inmotion-v12-de","first","onbackorder","taxable","shipping-taxable","purchasable","product-type-simple"],"jetpack_sharing_enabled":true,"jetpack-related-posts":[{"id":16242,"url":"https:\/\/inmotion-suisse.ch\/de\/produkt\/hikerboy-off-road-2-e-scooter\/","url_meta":{"origin":21198,"position":0},"title":"E-Scooter Hikerboy Off Road 2 (25 km\/h)","author":"adminInmotion","date":"27 Oktober 2024","format":false,"excerpt":"Hikerboy Off Road 2: robuster, gel\u00e4ndeorientierter E-Scooter f\u00fcr Wege und unebene Oberfl\u00e4chen.","rel":"","context":"\u00c4hnlicher Beitrag","block_context":{"text":"\u00c4hnlicher Beitrag","link":""},"img":{"alt_text":"","src":"https:\/\/i0.wp.com\/inmotion-suisse.ch\/wp-content\/uploads\/2024\/10\/Off-Road_Main2.webp?resize=350%2C200&ssl=1","width":350,"height":200,"srcset":"https:\/\/i0.wp.com\/inmotion-suisse.ch\/wp-content\/uploads\/2024\/10\/Off-Road_Main2.webp?resize=350%2C200&ssl=1 1x, https:\/\/i0.wp.com\/inmotion-suisse.ch\/wp-content\/uploads\/2024\/10\/Off-Road_Main2.webp?resize=525%2C300&ssl=1 1.5x"},"classes":[]},{"id":16257,"url":"https:\/\/inmotion-suisse.ch\/de\/produkt\/seniorenmobil-1-5\/","url_meta":{"origin":21198,"position":1},"title":"Seniorenmobil 1.5 (25 km\/h)","author":"adminInmotion","date":"29 Dezember 2024","format":false,"excerpt":"Seniorenmobil 1.5: vierr\u00e4driges Elektrofahrzeug f\u00fcr stabile und komfortable Alltagswege mit R\u00fcckw\u00e4rtsgang, Beleuchtung und Stauraum.","rel":"","context":"\u00c4hnlicher Beitrag","block_context":{"text":"\u00c4hnlicher Beitrag","link":""},"img":{"alt_text":"","src":"https:\/\/i0.wp.com\/inmotion-suisse.ch\/wp-content\/uploads\/2024\/11\/senio1-jpg.webp?resize=350%2C200&ssl=1","width":350,"height":200,"srcset":"https:\/\/i0.wp.com\/inmotion-suisse.ch\/wp-content\/uploads\/2024\/11\/senio1-jpg.webp?resize=350%2C200&ssl=1 1x, https:\/\/i0.wp.com\/inmotion-suisse.ch\/wp-content\/uploads\/2024\/11\/senio1-jpg.webp?resize=525%2C300&ssl=1 1.5x, https:\/\/i0.wp.com\/inmotion-suisse.ch\/wp-content\/uploads\/2024\/11\/senio1-jpg.webp?resize=700%2C400&ssl=1 2x"},"classes":[]},{"id":16228,"url":"https:\/\/inmotion-suisse.ch\/de\/produkt\/inmotion-e20-e-unicycle\/","url_meta":{"origin":21198,"position":2},"title":"E-Unicycle Inmotion E20 (25 km\/h)","author":"adminInmotion","date":"2 Februar 2025","format":false,"excerpt":"Inmotion E20: einsteigerfreundliche E-Unicycle mit Doppelreifen-Konzept, 450-W-Motor und 240-Wh-Akku.","rel":"","context":"\u00c4hnlicher Beitrag","block_context":{"text":"\u00c4hnlicher Beitrag","link":""},"img":{"alt_text":"","src":"https:\/\/i0.wp.com\/inmotion-suisse.ch\/wp-content\/uploads\/2024\/10\/E20-1-principal.webp?resize=350%2C200&ssl=1","width":350,"height":200,"srcset":"https:\/\/i0.wp.com\/inmotion-suisse.ch\/wp-content\/uploads\/2024\/10\/E20-1-principal.webp?resize=350%2C200&ssl=1 1x, https:\/\/i0.wp.com\/inmotion-suisse.ch\/wp-content\/uploads\/2024\/10\/E20-1-principal.webp?resize=525%2C300&ssl=1 1.5x, https:\/\/i0.wp.com\/inmotion-suisse.ch\/wp-content\/uploads\/2024\/10\/E20-1-principal.webp?resize=700%2C400&ssl=1 2x, https:\/\/i0.wp.com\/inmotion-suisse.ch\/wp-content\/uploads\/2024\/10\/E20-1-principal.webp?resize=1050%2C600&ssl=1 3x"},"classes":[]},{"id":16304,"url":"https:\/\/inmotion-suisse.ch\/de\/produkt\/e-auto-kabinenroller\/","url_meta":{"origin":21198,"position":3},"title":"E-Auto Kabinenroller (25 km\/h)","author":"adminInmotion","date":"11 Februar 2025","format":false,"excerpt":"Kompaktes elektrisches Kabinenfahrzeug mit Wetterschutz f\u00fcr kurze und mittlere Alltagswege.","rel":"","context":"\u00c4hnlicher Beitrag","block_context":{"text":"\u00c4hnlicher Beitrag","link":""},"img":{"alt_text":"","src":"https:\/\/i0.wp.com\/inmotion-suisse.ch\/wp-content\/uploads\/2024\/11\/C1DA7734-CF1A-4EC6-873F-16705CD25DEA-jpeg.webp?resize=350%2C200&ssl=1","width":350,"height":200,"srcset":"https:\/\/i0.wp.com\/inmotion-suisse.ch\/wp-content\/uploads\/2024\/11\/C1DA7734-CF1A-4EC6-873F-16705CD25DEA-jpeg.webp?resize=350%2C200&ssl=1 1x, https:\/\/i0.wp.com\/inmotion-suisse.ch\/wp-content\/uploads\/2024\/11\/C1DA7734-CF1A-4EC6-873F-16705CD25DEA-jpeg.webp?resize=525%2C300&ssl=1 1.5x, https:\/\/i0.wp.com\/inmotion-suisse.ch\/wp-content\/uploads\/2024\/11\/C1DA7734-CF1A-4EC6-873F-16705CD25DEA-jpeg.webp?resize=700%2C400&ssl=1 2x"},"classes":[]},{"id":16275,"url":"https:\/\/inmotion-suisse.ch\/de\/produkt\/city-go-rs\/","url_meta":{"origin":21198,"position":4},"title":"City Go RS (40 km\/h EU) (25 km\/h CH)","author":"adminInmotion","date":"1 Februar 2025","format":false,"excerpt":"City Go RS: kompaktes Elektrofahrzeug f\u00fcr stabile und komfortable urbane Alltagswege.","rel":"","context":"\u00c4hnlicher Beitrag","block_context":{"text":"\u00c4hnlicher Beitrag","link":""},"img":{"alt_text":"","src":"https:\/\/i0.wp.com\/inmotion-suisse.ch\/wp-content\/uploads\/2024\/11\/4A53311D-59E5-48DA-9723-2ECCDFC2D014-scaled-1-jpeg.webp?resize=350%2C200&ssl=1","width":350,"height":200,"srcset":"https:\/\/i0.wp.com\/inmotion-suisse.ch\/wp-content\/uploads\/2024\/11\/4A53311D-59E5-48DA-9723-2ECCDFC2D014-scaled-1-jpeg.webp?resize=350%2C200&ssl=1 1x, https:\/\/i0.wp.com\/inmotion-suisse.ch\/wp-content\/uploads\/2024\/11\/4A53311D-59E5-48DA-9723-2ECCDFC2D014-scaled-1-jpeg.webp?resize=525%2C300&ssl=1 1.5x, https:\/\/i0.wp.com\/inmotion-suisse.ch\/wp-content\/uploads\/2024\/11\/4A53311D-59E5-48DA-9723-2ECCDFC2D014-scaled-1-jpeg.webp?resize=700%2C400&ssl=1 2x, https:\/\/i0.wp.com\/inmotion-suisse.ch\/wp-content\/uploads\/2024\/11\/4A53311D-59E5-48DA-9723-2ECCDFC2D014-scaled-1-jpeg.webp?resize=1050%2C600&ssl=1 3x, https:\/\/i0.wp.com\/inmotion-suisse.ch\/wp-content\/uploads\/2024\/11\/4A53311D-59E5-48DA-9723-2ECCDFC2D014-scaled-1-jpeg.webp?resize=1400%2C800&ssl=1 4x"},"classes":[]},{"id":16316,"url":"https:\/\/inmotion-suisse.ch\/de\/produkt\/city-go-carplay-rs\/","url_meta":{"origin":21198,"position":5},"title":"City Go Carplay RS (40 km\/h EU) (25 km\/h CH)","author":"adminInmotion","date":"1 November 2023","format":false,"excerpt":"City Go Carplay RS: kompaktes Elektrofahrzeug mit Kabine und CarPlay-Integration f\u00fcr urbane Alltagswege.","rel":"","context":"\u00c4hnlicher Beitrag","block_context":{"text":"\u00c4hnlicher Beitrag","link":""},"img":{"alt_text":"","src":"https:\/\/i0.wp.com\/inmotion-suisse.ch\/wp-content\/uploads\/2024\/11\/L3sl92ZCSKZAjOh4WNou2a0Ubo022F-NkOXaAXHzk18zn5a8jI2FD60AB8B4-A007-446D-B5C5-F8FBEEFB3991-jpg.webp?resize=350%2C200&ssl=1","width":350,"height":200,"srcset":"https:\/\/i0.wp.com\/inmotion-suisse.ch\/wp-content\/uploads\/2024\/11\/L3sl92ZCSKZAjOh4WNou2a0Ubo022F-NkOXaAXHzk18zn5a8jI2FD60AB8B4-A007-446D-B5C5-F8FBEEFB3991-jpg.webp?resize=350%2C200&ssl=1 1x, https:\/\/i0.wp.com\/inmotion-suisse.ch\/wp-content\/uploads\/2024\/11\/L3sl92ZCSKZAjOh4WNou2a0Ubo022F-NkOXaAXHzk18zn5a8jI2FD60AB8B4-A007-446D-B5C5-F8FBEEFB3991-jpg.webp?resize=525%2C300&ssl=1 1.5x, https:\/\/i0.wp.com\/inmotion-suisse.ch\/wp-content\/uploads\/2024\/11\/L3sl92ZCSKZAjOh4WNou2a0Ubo022F-NkOXaAXHzk18zn5a8jI2FD60AB8B4-A007-446D-B5C5-F8FBEEFB3991-jpg.webp?resize=700%2C400&ssl=1 2x, https:\/\/i0.wp.com\/inmotion-suisse.ch\/wp-content\/uploads\/2024\/11\/L3sl92ZCSKZAjOh4WNou2a0Ubo022F-NkOXaAXHzk18zn5a8jI2FD60AB8B4-A007-446D-B5C5-F8FBEEFB3991-jpg.webp?resize=1050%2C600&ssl=1 3x"},"classes":[]}],"_links":{"self":[{"href":"https:\/\/inmotion-suisse.ch\/de\/wp-json\/wp\/v2\/product\/21198","targetHints":{"allow":["GET"]}}],"collection":[{"href":"https:\/\/inmotion-suisse.ch\/de\/wp-json\/wp\/v2\/product"}],"about":[{"href":"https:\/\/inmotion-suisse.ch\/de\/wp-json\/wp\/v2\/types\/product"}],"replies":[{"embeddable":true,"href":"https:\/\/inmotion-suisse.ch\/de\/wp-json\/wp\/v2\/comments?post=21198"}],"wp:featuredmedia":[{"embeddable":true,"href":"https:\/\/inmotion-suisse.ch\/de\/wp-json\/wp\/v2\/media\/17553"}],"wp:attachment":[{"href":"https:\/\/inmotion-suisse.ch\/de\/wp-json\/wp\/v2\/media?parent=21198"}],"wp:term":[{"taxonomy":"product_brand","embeddable":true,"href":"https:\/\/inmotion-suisse.ch\/de\/wp-json\/wp\/v2\/product_brand?post=21198"},{"taxonomy":"product_cat","embeddable":true,"href":"https:\/\/inmotion-suisse.ch\/de\/wp-json\/wp\/v2\/product_cat?post=21198"},{"taxonomy":"product_tag","embeddable":true,"href":"https:\/\/inmotion-suisse.ch\/de\/wp-json\/wp\/v2\/product_tag?post=21198"}],"curies":[{"name":"wp","href":"https:\/\/api.w.org\/{rel}","templated":true}]}}

Schlauch L8-L8F für schwarzes Rad

<h2>Schlauch L8-L8F für schwarzes Rad: Kompatibilität und Einbau</h2>
<p>Schlauch L8-L8F für schwarzes Rad ist ein Ersatzteil bzw. Zubehör für die im Produkttitel genannten Modelle. Prüfen Sie vor der Bestellung die genaue Fahrzeugversion und vergleichen Sie das Teil mit dem Original.</p>
<h3>Vor der Montage prüfen</h3>
<p>Vergleichen Sie Schlauchgröße, Ventil und die passende Reifen-/Felgenkombination. Bei der Montage darf der Schlauch nicht zwischen Reifen und Felge eingeklemmt werden.</p>
<h3>Service in der Schweiz</h3>
<p>Inmotion Suisse bietet in der Werkstatt in Bern Diagnose, Reparatur und je nach Bauteil auch den fachgerechten Einbau an. Senden Sie uns bei Unsicherheit Modell, Seriennummer und Fotos des Originalteils bzw. der Steckverbinder.</p>
<h3>Häufige Fragen</h3>
<p><strong>Wie prüfe ich die Kompatibilität?</strong><br />Vergleichen Sie das exakte Modell, die Ausführung und die technischen Merkmale mit dem Originalteil.</p>
<p><strong>Ist eine Montage in Bern möglich?</strong><br />Ja, je nach Fahrzeug und Bauteil können wir Diagnose und Montage in unserer Werkstatt übernehmen.</p>

<p>Schlauch L8-L8F für schwarzes Rad – Ersatzteil oder Zubehör für die angegebenen Modelle. Kompatibilität vor der Bestellung prüfen.</p>

Hikerboy Off Road 2: robuster, geländeorientierter E-Scooter für Wege und unebene Oberflächen.

Ähnlicher Beitrag

Seniorenmobil 1.5: vierrädriges Elektrofahrzeug für stabile und komfortable Alltagswege mit Rückwärtsgang, Beleuchtung und Stauraum.

Kompaktes elektrisches Kabinenfahrzeug mit Wetterschutz für kurze und mittlere Alltagswege.

City Go RS: kompaktes Elektrofahrzeug für stabile und komfortable urbane Alltagswege.

City Go Carplay RS: kompaktes Elektrofahrzeug mit Kabine und CarPlay-Integration für urbane Alltagswege.
