{"id":21409,"date":"2023-03-18T15:04:31","date_gmt":"2023-03-18T14:04:31","guid":{"rendered":"https:\/\/inmotion-suisse.ch\/produit\/phare-arriere-inmotion-p1-p2-eclairage-securise-et-moderne\/"},"modified":"2026-09-05T23:25:01","modified_gmt":"2026-09-05T21:25:01","slug":"rucklicht-inmotion-p1-p2","status":"publish","type":"product","link":"https:\/\/inmotion-suisse.ch\/de\/produkt\/rucklicht-inmotion-p1-p2\/","title":{"rendered":"R\u00fccklicht Inmotion P1\/P2"},"content":{"rendered":"<h2>R\u00fccklicht Inmotion P1\/P2: Kompatibilit\u00e4t und Einbau<\/h2>\n<p>R\u00fccklicht Inmotion P1\/P2 ist ein Ersatzteil bzw. Zubeh\u00f6r f\u00fcr die im Produkttitel genannten Modelle. Pr\u00fcfen Sie vor der Bestellung die genaue Fahrzeugversion und vergleichen Sie das Teil mit dem Original.<\/p>\n<h3>Vor der Montage pr\u00fcfen<\/h3>\n<p>Pr\u00fcfen Sie Einbauposition, Stecker, Spannung und Befestigung. Nach dem Einbau Beleuchtung und Signalwirkung vollst\u00e4ndig testen.<\/p>\n<h3>Service in der Schweiz<\/h3>\n<p>Inmotion Suisse bietet in der Werkstatt in Bern Diagnose, Reparatur und je nach Bauteil auch den fachgerechten Einbau an. Senden Sie uns bei Unsicherheit Modell, Seriennummer und Fotos des Originalteils bzw. der Steckverbinder.<\/p>\n<h3>H\u00e4ufige Fragen<\/h3>\n<p><strong>Wie pr\u00fcfe ich die Kompatibilit\u00e4t?<\/strong><br \/>Vergleichen Sie das exakte Modell, die Ausf\u00fchrung und die technischen Merkmale mit dem Originalteil.<\/p>\n<p><strong>Ist eine Montage in Bern m\u00f6glich?<\/strong><br \/>Ja, je nach Fahrzeug und Bauteil k\u00f6nnen wir Diagnose und Montage in unserer Werkstatt \u00fcbernehmen.<\/p>\n","protected":false},"excerpt":{"rendered":"<p>R\u00fccklicht Inmotion P1\/P2 \u2013 Ersatzteil oder Zubeh\u00f6r f\u00fcr die angegebenen Modelle. Kompatibilit\u00e4t vor der Bestellung pr\u00fcfen.<\/p>\n","protected":false},"featured_media":18699,"comment_status":"open","ping_status":"closed","template":"","meta":[],"product_brand":[],"product_cat":[1044,1045],"product_tag":[1540,1111],"class_list":["post-21409","product","type-product","status-publish","has-post-thumbnail","product_cat-ersatzteile-zuverlaessige-komponenten-fuer-jede-reparatur","product_cat-fahrradteile-robust-langlebig-und-perfekt-fuer-jede-fahrt","product_tag-inmotion-suisse-specialiste-de-la-mobilite-electrique-de","product_tag-rucklicht-inmotion-p1-p2","first","instock","taxable","shipping-taxable","purchasable","product-type-simple"],"jetpack_sharing_enabled":true,"jetpack-related-posts":[{"id":21236,"url":"https:\/\/inmotion-suisse.ch\/de\/produkt\/frontlicht-p1-p2\/","url_meta":{"origin":21409,"position":0},"title":"Frontlicht P1-P2","author":"adminInmotion","date":"27 Juni 2022","format":false,"excerpt":"Frontlicht P1-P2 \u2013 Ersatzteil oder Zubeh\u00f6r f\u00fcr die angegebenen Modelle. Kompatibilit\u00e4t vor der Bestellung pr\u00fcfen.","rel":"","context":"\u00c4hnlicher Beitrag","block_context":{"text":"\u00c4hnlicher Beitrag","link":""},"img":{"alt_text":"","src":"https:\/\/i0.wp.com\/inmotion-suisse.ch\/wp-content\/uploads\/2022\/06\/screenshot-2024-11-22-202303.jpg?resize=350%2C200&ssl=1","width":350,"height":200,"srcset":"https:\/\/i0.wp.com\/inmotion-suisse.ch\/wp-content\/uploads\/2022\/06\/screenshot-2024-11-22-202303.jpg?resize=350%2C200&ssl=1 1x, https:\/\/i0.wp.com\/inmotion-suisse.ch\/wp-content\/uploads\/2022\/06\/screenshot-2024-11-22-202303.jpg?resize=525%2C300&ssl=1 1.5x, https:\/\/i0.wp.com\/inmotion-suisse.ch\/wp-content\/uploads\/2022\/06\/screenshot-2024-11-22-202303.jpg?resize=700%2C400&ssl=1 2x"},"classes":[]},{"id":21186,"url":"https:\/\/inmotion-suisse.ch\/de\/produkt\/original-metallkorb-p1-p2-mit-halter\/","url_meta":{"origin":21409,"position":1},"title":"Original Metallkorb P1\/P2 mit Halter","author":"adminInmotion","date":"27 Juni 2022","format":false,"excerpt":"Original Metallkorb P1\/P2 mit Halter \u2013 Ersatzteil oder Zubeh\u00f6r f\u00fcr die angegebenen Modelle. Kompatibilit\u00e4t vor der Bestellung pr\u00fcfen.","rel":"","context":"\u00c4hnlicher Beitrag","block_context":{"text":"\u00c4hnlicher Beitrag","link":""},"img":{"alt_text":"Panier m\u00e9tallique avec support pour Inmotion P1\/P2","src":"https:\/\/i0.wp.com\/inmotion-suisse.ch\/wp-content\/uploads\/2024\/11\/original_metal_basket_for_inmo_1616052945_c8bcf725_progressive.jpg?resize=350%2C200&ssl=1","width":350,"height":200,"srcset":"https:\/\/i0.wp.com\/inmotion-suisse.ch\/wp-content\/uploads\/2024\/11\/original_metal_basket_for_inmo_1616052945_c8bcf725_progressive.jpg?resize=350%2C200&ssl=1 1x, https:\/\/i0.wp.com\/inmotion-suisse.ch\/wp-content\/uploads\/2024\/11\/original_metal_basket_for_inmo_1616052945_c8bcf725_progressive.jpg?resize=525%2C300&ssl=1 1.5x, https:\/\/i0.wp.com\/inmotion-suisse.ch\/wp-content\/uploads\/2024\/11\/original_metal_basket_for_inmo_1616052945_c8bcf725_progressive.jpg?resize=700%2C400&ssl=1 2x"},"classes":[]},{"id":21184,"url":"https:\/\/inmotion-suisse.ch\/de\/produkt\/reifen-inmotion-p2-p2f-vorne-p1-serie\/","url_meta":{"origin":21409,"position":2},"title":"Reifen Inmotion P2-P2F \/ vorne P1-Serie","author":"adminInmotion","date":"27 Juni 2022","format":false,"excerpt":"Reifen Inmotion P2-P2F \/ vorne P1-Serie \u2013 Ersatzteil oder Zubeh\u00f6r f\u00fcr die angegebenen Modelle. Kompatibilit\u00e4t vor der Bestellung pr\u00fcfen.","rel":"","context":"\u00c4hnlicher Beitrag","block_context":{"text":"\u00c4hnlicher Beitrag","link":""},"img":{"alt_text":"","src":"https:\/\/i0.wp.com\/inmotion-suisse.ch\/wp-content\/uploads\/2022\/06\/screenshot-2024-11-22-035013.jpg?resize=350%2C200&ssl=1","width":350,"height":200,"srcset":"https:\/\/i0.wp.com\/inmotion-suisse.ch\/wp-content\/uploads\/2022\/06\/screenshot-2024-11-22-035013.jpg?resize=350%2C200&ssl=1 1x, https:\/\/i0.wp.com\/inmotion-suisse.ch\/wp-content\/uploads\/2022\/06\/screenshot-2024-11-22-035013.jpg?resize=525%2C300&ssl=1 1.5x, https:\/\/i0.wp.com\/inmotion-suisse.ch\/wp-content\/uploads\/2022\/06\/screenshot-2024-11-22-035013.jpg?resize=700%2C400&ssl=1 2x"},"classes":[]},{"id":21638,"url":"https:\/\/inmotion-suisse.ch\/de\/produkt\/pedale-inmotion-p1-p1f-p2-p2f\/","url_meta":{"origin":21409,"position":3},"title":"Pedale Inmotion P1\/P1F\/P2\/P2F","author":"adminInmotion","date":"27 Juni 2022","format":false,"excerpt":"Pedale Inmotion P1\/P1F\/P2\/P2F \u2013 Ersatzteil oder Zubeh\u00f6r f\u00fcr die angegebenen Modelle. Kompatibilit\u00e4t vor der Bestellung pr\u00fcfen.","rel":"","context":"\u00c4hnlicher Beitrag","block_context":{"text":"\u00c4hnlicher Beitrag","link":""},"img":{"alt_text":"","src":"https:\/\/i0.wp.com\/inmotion-suisse.ch\/wp-content\/uploads\/2022\/06\/screenshot-2024-11-22-202114.jpg?resize=350%2C200&ssl=1","width":350,"height":200,"srcset":"https:\/\/i0.wp.com\/inmotion-suisse.ch\/wp-content\/uploads\/2022\/06\/screenshot-2024-11-22-202114.jpg?resize=350%2C200&ssl=1 1x, https:\/\/i0.wp.com\/inmotion-suisse.ch\/wp-content\/uploads\/2022\/06\/screenshot-2024-11-22-202114.jpg?resize=525%2C300&ssl=1 1.5x, https:\/\/i0.wp.com\/inmotion-suisse.ch\/wp-content\/uploads\/2022\/06\/screenshot-2024-11-22-202114.jpg?resize=700%2C400&ssl=1 2x"},"classes":[]},{"id":21329,"url":"https:\/\/inmotion-suisse.ch\/de\/produkt\/signalplatine-inmotion-p2-p2f-p1-p1f\/","url_meta":{"origin":21409,"position":4},"title":"Signalplatine Inmotion P2-P2F\/P1-P1F","author":"adminInmotion","date":"1 November 2022","format":false,"excerpt":"Signalplatine Inmotion P2-P2F\/P1-P1F \u2013 Ersatzteil oder Zubeh\u00f6r f\u00fcr die angegebenen Modelle. Kompatibilit\u00e4t vor der Bestellung pr\u00fcfen.","rel":"","context":"\u00c4hnlicher Beitrag","block_context":{"text":"\u00c4hnlicher Beitrag","link":""},"img":{"alt_text":"","src":"https:\/\/i0.wp.com\/inmotion-suisse.ch\/wp-content\/uploads\/2022\/11\/screenshot-2024-11-22-202634.jpg?resize=350%2C200&ssl=1","width":350,"height":200,"srcset":"https:\/\/i0.wp.com\/inmotion-suisse.ch\/wp-content\/uploads\/2022\/11\/screenshot-2024-11-22-202634.jpg?resize=350%2C200&ssl=1 1x, https:\/\/i0.wp.com\/inmotion-suisse.ch\/wp-content\/uploads\/2022\/11\/screenshot-2024-11-22-202634.jpg?resize=525%2C300&ssl=1 1.5x, https:\/\/i0.wp.com\/inmotion-suisse.ch\/wp-content\/uploads\/2022\/11\/screenshot-2024-11-22-202634.jpg?resize=700%2C400&ssl=1 2x"},"classes":[]},{"id":21389,"url":"https:\/\/inmotion-suisse.ch\/de\/produkt\/controller-inmotion-p1\/","url_meta":{"origin":21409,"position":5},"title":"Controller Inmotion P1","author":"adminInmotion","date":"19 Dezember 2022","format":false,"excerpt":"Controller Inmotion P1 \u2013 Ersatzteil oder Zubeh\u00f6r f\u00fcr die angegebenen Modelle. Kompatibilit\u00e4t vor der Bestellung pr\u00fcfen.","rel":"","context":"\u00c4hnlicher Beitrag","block_context":{"text":"\u00c4hnlicher Beitrag","link":""},"img":{"alt_text":"Contr\u00f4leur pour v\u00e9hicules \u00e9lectriques Inmotion","src":"https:\/\/i0.wp.com\/inmotion-suisse.ch\/wp-content\/uploads\/2024\/11\/screenshot-2024-11-15-213706.jpg?resize=350%2C200&ssl=1","width":350,"height":200,"srcset":"https:\/\/i0.wp.com\/inmotion-suisse.ch\/wp-content\/uploads\/2024\/11\/screenshot-2024-11-15-213706.jpg?resize=350%2C200&ssl=1 1x, https:\/\/i0.wp.com\/inmotion-suisse.ch\/wp-content\/uploads\/2024\/11\/screenshot-2024-11-15-213706.jpg?resize=525%2C300&ssl=1 1.5x, https:\/\/i0.wp.com\/inmotion-suisse.ch\/wp-content\/uploads\/2024\/11\/screenshot-2024-11-15-213706.jpg?resize=700%2C400&ssl=1 2x"},"classes":[]}],"_links":{"self":[{"href":"https:\/\/inmotion-suisse.ch\/de\/wp-json\/wp\/v2\/product\/21409","targetHints":{"allow":["GET"]}}],"collection":[{"href":"https:\/\/inmotion-suisse.ch\/de\/wp-json\/wp\/v2\/product"}],"about":[{"href":"https:\/\/inmotion-suisse.ch\/de\/wp-json\/wp\/v2\/types\/product"}],"replies":[{"embeddable":true,"href":"https:\/\/inmotion-suisse.ch\/de\/wp-json\/wp\/v2\/comments?post=21409"}],"wp:featuredmedia":[{"embeddable":true,"href":"https:\/\/inmotion-suisse.ch\/de\/wp-json\/wp\/v2\/media\/18699"}],"wp:attachment":[{"href":"https:\/\/inmotion-suisse.ch\/de\/wp-json\/wp\/v2\/media?parent=21409"}],"wp:term":[{"taxonomy":"product_brand","embeddable":true,"href":"https:\/\/inmotion-suisse.ch\/de\/wp-json\/wp\/v2\/product_brand?post=21409"},{"taxonomy":"product_cat","embeddable":true,"href":"https:\/\/inmotion-suisse.ch\/de\/wp-json\/wp\/v2\/product_cat?post=21409"},{"taxonomy":"product_tag","embeddable":true,"href":"https:\/\/inmotion-suisse.ch\/de\/wp-json\/wp\/v2\/product_tag?post=21409"}],"curies":[{"name":"wp","href":"https:\/\/api.w.org\/{rel}","templated":true}]}}

Rücklicht Inmotion P1/P2

<h2>Rücklicht Inmotion P1/P2: Kompatibilität und Einbau</h2>
<p>Rücklicht Inmotion P1/P2 ist ein Ersatzteil bzw. Zubehör für die im Produkttitel genannten Modelle. Prüfen Sie vor der Bestellung die genaue Fahrzeugversion und vergleichen Sie das Teil mit dem Original.</p>
<h3>Vor der Montage prüfen</h3>
<p>Prüfen Sie Einbauposition, Stecker, Spannung und Befestigung. Nach dem Einbau Beleuchtung und Signalwirkung vollständig testen.</p>
<h3>Service in der Schweiz</h3>
<p>Inmotion Suisse bietet in der Werkstatt in Bern Diagnose, Reparatur und je nach Bauteil auch den fachgerechten Einbau an. Senden Sie uns bei Unsicherheit Modell, Seriennummer und Fotos des Originalteils bzw. der Steckverbinder.</p>
<h3>Häufige Fragen</h3>
<p><strong>Wie prüfe ich die Kompatibilität?</strong><br />Vergleichen Sie das exakte Modell, die Ausführung und die technischen Merkmale mit dem Originalteil.</p>
<p><strong>Ist eine Montage in Bern möglich?</strong><br />Ja, je nach Fahrzeug und Bauteil können wir Diagnose und Montage in unserer Werkstatt übernehmen.</p>

<p>Rücklicht Inmotion P1/P2 – Ersatzteil oder Zubehör für die angegebenen Modelle. Kompatibilität vor der Bestellung prüfen.</p>

Frontlicht P1-P2 – Ersatzteil oder Zubehör für die angegebenen Modelle. Kompatibilität vor der Bestellung prüfen.

Ähnlicher Beitrag

Original Metallkorb P1/P2 mit Halter – Ersatzteil oder Zubehör für die angegebenen Modelle. Kompatibilität vor der Bestellung prüfen.

Panier métallique avec support pour Inmotion P1/P2

Reifen Inmotion P2-P2F / vorne P1-Serie – Ersatzteil oder Zubehör für die angegebenen Modelle. Kompatibilität vor der Bestellung prüfen.

Pedale Inmotion P1/P1F/P2/P2F – Ersatzteil oder Zubehör für die angegebenen Modelle. Kompatibilität vor der Bestellung prüfen.

Signalplatine Inmotion P2-P2F/P1-P1F – Ersatzteil oder Zubehör für die angegebenen Modelle. Kompatibilität vor der Bestellung prüfen.

Controller Inmotion P1 – Ersatzteil oder Zubehör für die angegebenen Modelle. Kompatibilität vor der Bestellung prüfen.

Contrôleur pour véhicules électriques Inmotion
