{"id":21610,"date":"2023-02-17T16:23:04","date_gmt":"2023-02-17T15:23:04","guid":{"rendered":"https:\/\/inmotion-suisse.ch\/produit\/batterie-438wh-12ah-inmotion-air-c1-pro\/"},"modified":"2026-09-04T20:49:34","modified_gmt":"2026-09-04T18:49:34","slug":"akku-inmotion-air-pro-c1","status":"publish","type":"product","link":"https:\/\/inmotion-suisse.ch\/de\/produkt\/akku-inmotion-air-pro-c1\/","title":{"rendered":"Akku Inmotion Air Pro C1"},"content":{"rendered":"<h2>Akku Inmotion Air Pro C1: Kompatibilit\u00e4t und Einbau<\/h2>\n<p>Akku Inmotion Air Pro C1 ist ein Ersatzteil bzw. Zubeh\u00f6r f\u00fcr die im Produkttitel genannten Modelle. Pr\u00fcfen Sie vor der Bestellung die genaue Fahrzeugversion und vergleichen Sie das Teil mit dem Original.<\/p>\n<p><strong>Zusatzangabe:<\/strong> 438 Wh \/ 12 Ah laut Produktangabe<\/p>\n<h3>Vor der Montage pr\u00fcfen<\/h3>\n<p>Pr\u00fcfen Sie Spannung, Kapazit\u00e4t, Abmessungen, Steckverbinder und Teilenummer. Arbeiten am Hochstrom-Batteriesystem sollten fachgerecht durchgef\u00fchrt werden.<\/p>\n<h3>Service in der Schweiz<\/h3>\n<p>Inmotion Suisse bietet in der Werkstatt in Bern Diagnose, Reparatur und je nach Bauteil auch den fachgerechten Einbau an. Senden Sie uns bei Unsicherheit Modell, Seriennummer und Fotos des Originalteils bzw. der Steckverbinder.<\/p>\n<h3>H\u00e4ufige Fragen<\/h3>\n<p><strong>Wie pr\u00fcfe ich die Kompatibilit\u00e4t?<\/strong><br \/>Vergleichen Sie das exakte Modell, die Ausf\u00fchrung und die technischen Merkmale mit dem Originalteil.<\/p>\n<p><strong>Ist eine Montage in Bern m\u00f6glich?<\/strong><br \/>Ja, je nach Fahrzeug und Bauteil k\u00f6nnen wir Diagnose und Montage in unserer Werkstatt \u00fcbernehmen.<\/p>\n","protected":false},"excerpt":{"rendered":"<p>Akku Inmotion Air Pro C1 \u2013 Ersatzteil oder Zubeh\u00f6r f\u00fcr die angegebenen Modelle. Kompatibilit\u00e4t vor der Bestellung pr\u00fcfen.<\/p>\n","protected":false},"featured_media":21294,"comment_status":"open","ping_status":"closed","template":"","meta":[],"product_brand":[],"product_cat":[1044,1050],"product_tag":[1211],"class_list":["post-21610","product","type-product","status-publish","has-post-thumbnail","product_cat-ersatzteile-zuverlaessige-komponenten-fuer-jede-reparatur","product_cat-e-scooter-teile-zuverlaessig-robust-und-passgenau-fuer-ihren-scooter","product_tag-inmotion-air-pro-c1-pro-advanced-electric-mobility-2","first","instock","taxable","shipping-taxable","purchasable","product-type-simple"],"jetpack_sharing_enabled":true,"jetpack-related-posts":[{"id":21256,"url":"https:\/\/inmotion-suisse.ch\/de\/produkt\/akku-p1f\/","url_meta":{"origin":21610,"position":0},"title":"Akku P1F","author":"adminInmotion","date":"27 Juni 2022","format":false,"excerpt":"Akku P1F \u2013 Ersatzteil oder Zubeh\u00f6r f\u00fcr die angegebenen Modelle. Kompatibilit\u00e4t vor der Bestellung pr\u00fcfen.","rel":"","context":"\u00c4hnlicher Beitrag","block_context":{"text":"\u00c4hnlicher Beitrag","link":""},"img":{"alt_text":"","src":"https:\/\/i0.wp.com\/inmotion-suisse.ch\/wp-content\/uploads\/2024\/11\/screenshot-2024-11-15-213158.jpg?resize=350%2C200&ssl=1","width":350,"height":200,"srcset":"https:\/\/i0.wp.com\/inmotion-suisse.ch\/wp-content\/uploads\/2024\/11\/screenshot-2024-11-15-213158.jpg?resize=350%2C200&ssl=1 1x, https:\/\/i0.wp.com\/inmotion-suisse.ch\/wp-content\/uploads\/2024\/11\/screenshot-2024-11-15-213158.jpg?resize=525%2C300&ssl=1 1.5x, https:\/\/i0.wp.com\/inmotion-suisse.ch\/wp-content\/uploads\/2024\/11\/screenshot-2024-11-15-213158.jpg?resize=700%2C400&ssl=1 2x"},"classes":[]},{"id":21467,"url":"https:\/\/inmotion-suisse.ch\/de\/produkt\/akku-inmotion-p2\/","url_meta":{"origin":21610,"position":1},"title":"Akku Inmotion P2","author":"adminInmotion","date":"20 September 2023","format":false,"excerpt":"Akku Inmotion P2 \u2013 Ersatzteil oder Zubeh\u00f6r f\u00fcr die angegebenen Modelle. Kompatibilit\u00e4t vor der Bestellung pr\u00fcfen.","rel":"","context":"\u00c4hnlicher Beitrag","block_context":{"text":"\u00c4hnlicher Beitrag","link":""},"img":{"alt_text":"Batterie pour Inmotion P2","src":"https:\/\/i0.wp.com\/inmotion-suisse.ch\/wp-content\/uploads\/2023\/09\/battery-78-ah-36-v-p2-jpg-avif.webp?resize=350%2C200&ssl=1","width":350,"height":200,"srcset":"https:\/\/i0.wp.com\/inmotion-suisse.ch\/wp-content\/uploads\/2023\/09\/battery-78-ah-36-v-p2-jpg-avif.webp?resize=350%2C200&ssl=1 1x, https:\/\/i0.wp.com\/inmotion-suisse.ch\/wp-content\/uploads\/2023\/09\/battery-78-ah-36-v-p2-jpg-avif.webp?resize=525%2C300&ssl=1 1.5x, https:\/\/i0.wp.com\/inmotion-suisse.ch\/wp-content\/uploads\/2023\/09\/battery-78-ah-36-v-p2-jpg-avif.webp?resize=700%2C400&ssl=1 2x"},"classes":[]},{"id":21279,"url":"https:\/\/inmotion-suisse.ch\/de\/produkt\/akku-p2f\/","url_meta":{"origin":21610,"position":2},"title":"Akku P2F","author":"adminInmotion","date":"27 Juni 2022","format":false,"excerpt":"Akku P2F \u2013 Ersatzteil oder Zubeh\u00f6r f\u00fcr die angegebenen Modelle. Kompatibilit\u00e4t vor der Bestellung pr\u00fcfen.","rel":"","context":"\u00c4hnlicher Beitrag","block_context":{"text":"\u00c4hnlicher Beitrag","link":""},"img":{"alt_text":"","src":"https:\/\/i0.wp.com\/inmotion-suisse.ch\/wp-content\/uploads\/2022\/06\/screenshot-2024-12-25-182947.jpg?resize=350%2C200&ssl=1","width":350,"height":200,"srcset":"https:\/\/i0.wp.com\/inmotion-suisse.ch\/wp-content\/uploads\/2022\/06\/screenshot-2024-12-25-182947.jpg?resize=350%2C200&ssl=1 1x, https:\/\/i0.wp.com\/inmotion-suisse.ch\/wp-content\/uploads\/2022\/06\/screenshot-2024-12-25-182947.jpg?resize=525%2C300&ssl=1 1.5x, https:\/\/i0.wp.com\/inmotion-suisse.ch\/wp-content\/uploads\/2022\/06\/screenshot-2024-12-25-182947.jpg?resize=700%2C400&ssl=1 2x"},"classes":[]},{"id":21608,"url":"https:\/\/inmotion-suisse.ch\/de\/produkt\/akku-inmotion-s1f-s1g\/","url_meta":{"origin":21610,"position":3},"title":"Akku Inmotion S1F\/S1G","author":"adminInmotion","date":"17 Februar 2023","format":false,"excerpt":"Akku Inmotion S1F\/S1G \u2013 Ersatzteil oder Zubeh\u00f6r f\u00fcr die angegebenen Modelle. Kompatibilit\u00e4t vor der Bestellung pr\u00fcfen.","rel":"","context":"\u00c4hnlicher Beitrag","block_context":{"text":"\u00c4hnlicher Beitrag","link":""},"img":{"alt_text":"Batterie pour v\u00e9hicules \u00e9lectriques Inmotion","src":"https:\/\/i0.wp.com\/inmotion-suisse.ch\/wp-content\/uploads\/2024\/11\/screenshot-2024-11-15-215133.jpg?resize=350%2C200&ssl=1","width":350,"height":200,"srcset":"https:\/\/i0.wp.com\/inmotion-suisse.ch\/wp-content\/uploads\/2024\/11\/screenshot-2024-11-15-215133.jpg?resize=350%2C200&ssl=1 1x, https:\/\/i0.wp.com\/inmotion-suisse.ch\/wp-content\/uploads\/2024\/11\/screenshot-2024-11-15-215133.jpg?resize=525%2C300&ssl=1 1.5x, https:\/\/i0.wp.com\/inmotion-suisse.ch\/wp-content\/uploads\/2024\/11\/screenshot-2024-11-15-215133.jpg?resize=700%2C400&ssl=1 2x"},"classes":[]},{"id":21293,"url":"https:\/\/inmotion-suisse.ch\/de\/produkt\/akku-inmotion-climber\/","url_meta":{"origin":21610,"position":4},"title":"Akku Inmotion Climber","author":"adminInmotion","date":"27 Juni 2022","format":false,"excerpt":"Akku Inmotion Climber \u2013 Ersatzteil oder Zubeh\u00f6r f\u00fcr die angegebenen Modelle. Kompatibilit\u00e4t vor der Bestellung pr\u00fcfen.","rel":"","context":"\u00c4hnlicher Beitrag","block_context":{"text":"\u00c4hnlicher Beitrag","link":""},"img":{"alt_text":"Batterie pour v\u00e9hicules \u00e9lectriques Inmotion","src":"https:\/\/i0.wp.com\/inmotion-suisse.ch\/wp-content\/uploads\/2024\/11\/screenshot-2024-11-15-215133.jpg?resize=350%2C200&ssl=1","width":350,"height":200,"srcset":"https:\/\/i0.wp.com\/inmotion-suisse.ch\/wp-content\/uploads\/2024\/11\/screenshot-2024-11-15-215133.jpg?resize=350%2C200&ssl=1 1x, https:\/\/i0.wp.com\/inmotion-suisse.ch\/wp-content\/uploads\/2024\/11\/screenshot-2024-11-15-215133.jpg?resize=525%2C300&ssl=1 1.5x, https:\/\/i0.wp.com\/inmotion-suisse.ch\/wp-content\/uploads\/2024\/11\/screenshot-2024-11-15-215133.jpg?resize=700%2C400&ssl=1 2x"},"classes":[]},{"id":21275,"url":"https:\/\/inmotion-suisse.ch\/de\/produkt\/controller-inmotion-s1\/","url_meta":{"origin":21610,"position":5},"title":"Controller Inmotion S1","author":"adminInmotion","date":"27 Juni 2022","format":false,"excerpt":"Controller Inmotion S1 \u2013 Ersatzteil oder Zubeh\u00f6r f\u00fcr die angegebenen Modelle. Kompatibilit\u00e4t vor der Bestellung pr\u00fcfen.","rel":"","context":"\u00c4hnlicher Beitrag","block_context":{"text":"\u00c4hnlicher Beitrag","link":""},"img":{"alt_text":"Contr\u00f4leur pour v\u00e9hicules \u00e9lectriques Inmotion","src":"https:\/\/i0.wp.com\/inmotion-suisse.ch\/wp-content\/uploads\/2024\/11\/screenshot-2024-11-15-213706.jpg?resize=350%2C200&ssl=1","width":350,"height":200,"srcset":"https:\/\/i0.wp.com\/inmotion-suisse.ch\/wp-content\/uploads\/2024\/11\/screenshot-2024-11-15-213706.jpg?resize=350%2C200&ssl=1 1x, https:\/\/i0.wp.com\/inmotion-suisse.ch\/wp-content\/uploads\/2024\/11\/screenshot-2024-11-15-213706.jpg?resize=525%2C300&ssl=1 1.5x, https:\/\/i0.wp.com\/inmotion-suisse.ch\/wp-content\/uploads\/2024\/11\/screenshot-2024-11-15-213706.jpg?resize=700%2C400&ssl=1 2x"},"classes":[]}],"_links":{"self":[{"href":"https:\/\/inmotion-suisse.ch\/de\/wp-json\/wp\/v2\/product\/21610","targetHints":{"allow":["GET"]}}],"collection":[{"href":"https:\/\/inmotion-suisse.ch\/de\/wp-json\/wp\/v2\/product"}],"about":[{"href":"https:\/\/inmotion-suisse.ch\/de\/wp-json\/wp\/v2\/types\/product"}],"replies":[{"embeddable":true,"href":"https:\/\/inmotion-suisse.ch\/de\/wp-json\/wp\/v2\/comments?post=21610"}],"wp:featuredmedia":[{"embeddable":true,"href":"https:\/\/inmotion-suisse.ch\/de\/wp-json\/wp\/v2\/media\/21294"}],"wp:attachment":[{"href":"https:\/\/inmotion-suisse.ch\/de\/wp-json\/wp\/v2\/media?parent=21610"}],"wp:term":[{"taxonomy":"product_brand","embeddable":true,"href":"https:\/\/inmotion-suisse.ch\/de\/wp-json\/wp\/v2\/product_brand?post=21610"},{"taxonomy":"product_cat","embeddable":true,"href":"https:\/\/inmotion-suisse.ch\/de\/wp-json\/wp\/v2\/product_cat?post=21610"},{"taxonomy":"product_tag","embeddable":true,"href":"https:\/\/inmotion-suisse.ch\/de\/wp-json\/wp\/v2\/product_tag?post=21610"}],"curies":[{"name":"wp","href":"https:\/\/api.w.org\/{rel}","templated":true}]}}

<h2>Akku Inmotion Air Pro C1: Kompatibilität und Einbau</h2>
<p>Akku Inmotion Air Pro C1 ist ein Ersatzteil bzw. Zubehör für die im Produkttitel genannten Modelle. Prüfen Sie vor der Bestellung die genaue Fahrzeugversion und vergleichen Sie das Teil mit dem Original.</p>
<p><strong>Zusatzangabe:</strong> 438 Wh / 12 Ah laut Produktangabe</p>
<h3>Vor der Montage prüfen</h3>
<p>Prüfen Sie Spannung, Kapazität, Abmessungen, Steckverbinder und Teilenummer. Arbeiten am Hochstrom-Batteriesystem sollten fachgerecht durchgeführt werden.</p>
<h3>Service in der Schweiz</h3>
<p>Inmotion Suisse bietet in der Werkstatt in Bern Diagnose, Reparatur und je nach Bauteil auch den fachgerechten Einbau an. Senden Sie uns bei Unsicherheit Modell, Seriennummer und Fotos des Originalteils bzw. der Steckverbinder.</p>
<h3>Häufige Fragen</h3>
<p><strong>Wie prüfe ich die Kompatibilität?</strong><br />Vergleichen Sie das exakte Modell, die Ausführung und die technischen Merkmale mit dem Originalteil.</p>
<p><strong>Ist eine Montage in Bern möglich?</strong><br />Ja, je nach Fahrzeug und Bauteil können wir Diagnose und Montage in unserer Werkstatt übernehmen.</p>

<p>Akku Inmotion Air Pro C1 – Ersatzteil oder Zubehör für die angegebenen Modelle. Kompatibilität vor der Bestellung prüfen.</p>

Akku P1F – Ersatzteil oder Zubehör für die angegebenen Modelle. Kompatibilität vor der Bestellung prüfen.

Ähnlicher Beitrag

Akku Inmotion P2 – Ersatzteil oder Zubehör für die angegebenen Modelle. Kompatibilität vor der Bestellung prüfen.

Akku P2F – Ersatzteil oder Zubehör für die angegebenen Modelle. Kompatibilität vor der Bestellung prüfen.

Akku Inmotion S1F/S1G – Ersatzteil oder Zubehör für die angegebenen Modelle. Kompatibilität vor der Bestellung prüfen.

Batterie pour véhicules électriques Inmotion

Akku Inmotion Climber – Ersatzteil oder Zubehör für die angegebenen Modelle. Kompatibilität vor der Bestellung prüfen.

Controller Inmotion S1 – Ersatzteil oder Zubehör für die angegebenen Modelle. Kompatibilität vor der Bestellung prüfen.

Contrôleur pour véhicules électriques Inmotion
